 348/11. Let q(p) be the first derivative of 2*p + l*p**4 - 5*p**2 - 13 - 3*p**3. Determine q(10).
2
Let x(m) = 8*m**3 + 7*m**2 - 18*m - 15. Let v(c) = 7*c**3 + 5*c**2 - 18*c - 13. Let w(l) = 7*v(l) - 6*x(l). Calculate w(9).
-1
Let p(o) = 23*o - 25. Let t(w) = -11*w + 12. Let y(x) = 6*p(x) + 13*t(x). Suppose 51*s + d - 54 = 56*s, 3*s + 3*d = -18. Calculate y(s).
56
Let w(z) = z + 30. Let g(x) be the second derivative of x**2 + 4*x + 8. Let q(t) = 6*g(t) - w(t). Suppose 0 = 14*o - 19*o. Determine q(o).
-18
Suppose l = -2*s - 3*l - 10, -5*s - 5*l - 10 = 0. Suppose -w + 7 = 4*a, 2*w = 3*w + s. Suppose 7 = a*j - 5. Let g(u) = u + 1. Give g(j).
7
Let q(v) be the first derivative of -220 - 1/3*v**3 + 4*v + 5/2*v**2. Calculate q(-3).
-20
Let t(v) = -v**3 + 19*v**2 - 2*v + 46. Let l be t(19). Let b(y) = 25*y - 199. Give b(l).
1
Let h(a) = a**3 - 5*a**2 - 42*a + 37. Let v be h(9). Let r(z) = -z - 10. Determine r(v).
7
Let c(k) = k - 119*k + 112*k - 40. What is c(-10)?
20
Let h(y) = -4*y + 4. Let m be h(4). Let k(x) be the third derivative of x**5/60 + 13*x**4/24 - 30605*x**2. Give k(m).
-12
Let l(s) = 14*s - 7. Let b be 30 - (-28 - -52) - (-5)/(-1). What is l(b)?
7
Let u = -15 - -10. Suppose 0 = 3*f - 15, f - 22 = -3*l + 16. Let k(a) = 1 + 7*a - l + a**2 + 8. Determine k(u).
-12
Let a(j) be the first derivative of j**4/4 - 3*j**3 + 3*j**2 - 7*j + 1162. Give a(7).
-63
Suppose -2*c + 0*a - 2*a = 12, -c + a - 8 = 0. Let f(r) be the first derivative of 23 + 7/3*r**3 - 1/2*r**2 + 0*r + 1/4*r**4. Determine f(c).
7
Let w be (189/(-3))/9*(-12)/(-14). Let p(r) = -r**3 - 6*r**2 - r - 2. Let z be p(w). Let o(d) = -2*d + 5. Determine o(z).
-3
Let r(v) be the first derivative of v**3/3 + 5*v**2/2 - 12*v + 325. Calculate r(3).
12
Let h be 0/3 - (-1 - (3 - 1)). Let l be (-36)/(-8)*(h + 26/(-6)). Let s(f) = 5*f + 4. What is s(l)?
-26
Let g(c) = -c**3 + 14*c**2 - 11*c - 8. Let r be (8 + -1 - 20)*-1. Determine g(r).
18
Let x(z) = -5*z - 22. Let k(d) = -12*d - 46. Let v be -6 + (-5 - -12 - 4). Let w(c) = v*k(c) + 7*x(c). Calculate w(11).
-5
Let p(m) = 10*m + 102. Suppose -727*c - 79 - 33 = -711*c. Give p(c).
32
Let i(s) = -s**3 + 5*s**2 + 5*s + 3. Let h be 126/(-54) + (0 - (-2)/(-3)). Let o be 2 - ((h - -5) + -67). Let u = 73 - o. Determine i(u).
-3
Let q(g) = 4*g - 11. Let u be q(3). Let f(n) = -3*n - 6*n**2 - 12*n + n**2 - u + 6*n**2. What is f(15)?
-1
Let v(d) = -5*d - 8. Let o be 2/6*-3 + 4. Suppose o*f + 5*p = -4, 27*f + 2*p = 28*f - 17. Calculate v(f).
-43
Let q(i) be the first derivative of -i**4/4 + 4*i**3/3 + 7*i**2 - 3*i - 8546. Determine q(6).
9
Let v(t) = t**2 - 10. Suppose 594*l - 708*l = 0. Give v(l).
-10
Let s(j) = -j**2 - 3 + 79071038*j + 3 - 79071091*j. What is s(-53)?
0
Let p(y) = -y**3 - 10*y**2 - 16*y + 60. Let g(j) = -2*j**3 - 20*j**2 - 33*j + 140. Let k(c) = -4*g(c) + 9*p(c). Calculate k(-9).
7
Let l(w) be the third derivative of -w**6/60 + w**5/30 + w**4/8 + w**3/6 + 9*w**2 - 20*w. Calculate l(2).
-1
Let c(p) be the second derivative of 11*p**3/6 + p**2/2 + 10140*p. Suppose -4*q + 2*m = 2, 4*m - 8 = 5*q - q. Give c(q).
12
Let i(c) = c**3 + 6*c + 2. Let p be i(4). Let s(u) = p*u - 2 - 180*u + 88*u. Calculate s(2).
-6
Let p(v) = v**3 + v**2 - 3*v - 3. Let d be p(-1). Suppose 4*y + d + 3 = 3*z, 0 = z - 3*y - 1. Let c(r) = 8*r**2 - r + 2. Calculate c(z).
9
Let r = -8 + 44. Let v(j) = -6 - 35*j - 8 + r*j. Let z(n) = -15*n - 5. Let w be z(-1). Determine v(w).
-4
Let x(f) = 12*f**2 + 1. Let m(q) = 23*q**2 - 14*q + 31. Let r(p) = m(p) - 2*x(p). Calculate r(-14).
29
Let k(s) be the first derivative of -94 - s + 1/2*s**2. What is k(-2)?
-3
Let d(l) = l - 1. Let j be ((-4)/(-12))/(2/36). Let v be ((-95)/(-35) - 1)/(j/(-21)). Give d(v).
-7
Let q(f) be the third derivative of -11*f**4/12 + 307*f**3/6 + f**2 - 1313*f - 1. Give q(14).
-1
Let d(l) be the first derivative of -l**4/4 - 7*l**3/3 - 4*l**2 - 9*l - 155. Suppose -6*p - 112 + 76 = 0. Determine d(p).
3
Suppose -4*q = 84 - 268. Let v be (-26)/(-221) + 3068/(-68). Let k = v + q. Let d(y) = -12*y**3 + 2*y - 1. Determine d(k).
-11
Let z(f) = 2*f**3 - 5*f**2 + f + 2. Let l(x) = -5*x + 48. Suppose -4*t - 4*n = -20, 0 = -2*n - 10 + 2. Let a be l(t). What is z(a)?
14
Let a(h) = 2*h - 1. Let p(n) = n - 1. Let i(r) = -5*a(r) + 4*p(r). Suppose -2*z - 2*f + 16 = 0, -5*f + 31 = 5*z - 3*z. What is i(z)?
-17
Let n be (-931)/(-4) - (7 - 232/32). Let j = n - 231. Let m(l) = l**2 - 3*l + 1. Give m(j).
-1
Let h(u) = u**2 + 14*u + 10. Let f(m) = 11*m**2 + 1316*m - 492. Let a be f(-120). Calculate h(a).
-14
Let r(o) be the first derivative of -o**4/4 - 5*o**3/3 + 5*o**2/2 + 4*o + 6. Suppose 331*n = 333*n - 132. Let a = n - 72. What is r(a)?
10
Let p(b) = b**3 - 23*b**2 - 4*b + 96. Suppose 25 = c - 2*f, -99*f - 5 = -94*f. Calculate p(c).
4
Let t(n) be the third derivative of 0*n + 1/2*n**3 + 1/30*n**5 - 121*n**2 + 1/120*n**6 + 1/24*n**4 + 0. Let s(r) = r + 3. Let m be s(-6). What is t(m)?
-9
Let z(x) = -1 + 0 + 3 + 2*x - 3. Let c(f) = 8*f**2 - 94*f + 65. Let u be c(11). Calculate z(u).
-3
Let p(j) be the first derivative of -j**4/2 + j**3/3 - j**2 - 6*j - 697. What is p(3)?
-57
Let m(r) = 15*r - 89. Let j be 4/((-123)/(-7) + -17). Calculate m(j).
16
Let f(p) = -5*p**3 + 13*p**2 - 13*p - 18. Let q(u) = -8*u**3 + 23*u**2 - 26*u - 36. Let v(x) = -5*f(x) + 3*q(x). What is v(-6)?
-12
Let q(d) = -1 + 3*d - d**3 + 5 - 5. Let u(o) = -2*o - 38. Let g be u(-19). Suppose g*j + 3*j = -2*p, -2*p = 2*j + 2. Calculate q(j).
-3
Let r(m) = -16*m + 5. Let y(b) = -17*b + 4. Let n(h) = -3*r(h) + 4*y(h). Suppose -j - 4 - 2 = 0. Let p be 2*j/28 + (-16)/28. Give n(p).
21
Let k(i) be the first derivative of -i**2/2 - 4*i - 95. Suppose -z + 6 + 0 = 0. Let q be (-40)/z + (-4)/(-6). Calculate k(q).
2
Let t be 11/(-4) + (-30)/(-40). Let x be t/3 - 126/54. Let i(k) = 10*k**2 - 3*k - 11. Let p(w) = 3*w**2 - w - 4. Let l(m) = x*i(m) + 8*p(m). What is l(-1)?
-6
Let p(f) = -37*f**3 - f**2 + 3*f + 3. Let w(c) = 70*c**3 + 2*c**2 - 5*c - 5. Let x(r) = 15*p(r) + 8*w(r). Determine x(-1).
-4
Let h(s) = -7*s + 0 - 3*s**2 + 2*s**2 + 4*s + 3 + s**3. Let a = 79 - 67. Suppose 6*b - a*b = -12. Determine h(b).
1
Let t(w) be the second derivative of w**4/12 - 2*w**3/3 + 17*w**2/2 - 7085*w. Calculate t(3).
14
Suppose -15*p - 42 = -9*p. Let j be 0*p/(-14) + 0 + 2. Let h(m) = -16*m - j - m**2 - 3*m + 21*m. Determine h(-3).
-17
Let x(q) be the third derivative of -q**5/60 + q**4/2 - 41*q**3/6 + 1115*q**2. Calculate x(8).
-9
Suppose 37 + 98 = -27*c. Let h(s) be the first derivative of s**3/3 + 3*s**2 - 2*s + 79. Determine h(c).
-7
Let z(u) = -u**2 + 2*u + 25. Let v be 49/147 + 92/12. Determine z(v).
-23
Let q = 2351 - 2348. Suppose 3*p = -p + 3*n + 20, p + 10 = -3*n. Let s(x) = -3 + x**3 - x**2 - x**p + 0*x**3 - x**2 + 4*x. Give s(q).
9
Let o(t) = 18*t - 4202*t**2 + 8413*t**2 - 4212*t**2 + 30. Calculate o(19).
11
Let f(l) = 4*l**2 - 115*l + 67*l - 88*l. Give f(34).
0
Let d(f) = -f**2 - 16*f - 57. Let j be d(-6). Let k(w) = -60 + 120 - w - 63. Give k(j).
-6
Let d(p) = 9*p - 12. Let b = -6643 + 6651. Calculate d(b).
60
Let v(g) be the third derivative of -g**5/60 + g**4/8 + 2*g**3 - 48*g**2 - 3*g - 4. What is v(6)?
-6
Let b be (-369)/2*110/(-33). Let k(r) = -6 + 612*r - 2 - b*r. Give k(5).
-23
Let b(n) = -n - 16. Let s(f) = f + 17. Let t(p) = 6*b(p) + 7*s(p). Let v(y) = y**3 - 148*y**2 + 285*y + 1003. Let u be v(146). Calculate t(u).
4
Let o(x) = x**2 + 34*x + 99. Suppose 56*j = -605 - 974 - 157. Give o(j).
6
Let s be (-1)/(-2)*-7 + (-70)/(-20). Let y(z) = 16*z + 13. Determine y(s).
13
Let u(b) be the second derivative of -5*b**4/12 - 11*b**3/6 + 3*b**2/2 - 1473*b. Give u(-2).
5
Let q be 2/(-5) - (2912/20)/(-14) - 7. Let n(a) be the second derivative of 24*a - 3/2*a**2 + 1/2*a**q + 0. Determine n(3).
6
Let q be (10 - -98)/9 + -19. Let g(i) = 2*i**2 + 13*i - 9. Determine g(q).
-2
Let i(j) = -12*j + 18. Suppose 11*a - 434 + 335 = 0. Determine i(a).
-90
Let m(g) = -g**3 + 3*g**2 + 4*g + 4. Let o be m(4). Let q(i) = 0*i + 4*i + 83*i**2 + 0 + i**3 + 5 - 32*i**2 - 58*i**2. Give q(o).
-27
Let h be 5*(-1 - ((-40)/25 + -2)). Let c(m) = -h - 2 - 2*m + 2*m + m + m. Determine c(13).
11
Let o(x) = 84 - 90 - 8*x**2 - 10*x**2 - 13*x + 16*x**2. Give o(-3).
15
Let z = 73 - 61. Suppose -z = -3